{"id":24,"date":"2023-12-10T14:22:53","date_gmt":"2023-12-10T13:22:53","guid":{"rendered":"https:\/\/www.villabruna.net\/?page_id=24"},"modified":"2024-01-17T16:17:41","modified_gmt":"2024-01-17T15:17:41","slug":"cesenatico","status":"publish","type":"page","link":"https:\/\/www.velieri.net\/?page_id=24","title":{"rendered":"Cesenatico"},"content":{"rendered":"\n<p class=\"wp-block-paragraph\"><\/p>\n\n\n\n<div class=\"wp-block-cover alignfull\" style=\"min-height:700px;aspect-ratio:unset;\"><span aria-hidden=\"true\" class=\"wp-block-cover__background has-background-dim-30 has-background-dim\"><\/span><img decoding=\"async\" class=\"wp-block-cover__image-background wp-image-276\" alt=\"\" src=\"https:\/\/www.villabruna.net\/wp-content\/uploads\/2023\/12\/01-2.jpg\" data-object-fit=\"cover\"\/><div class=\"wp-block-cover__inner-container is-layout-flow wp-block-cover-is-layout-flow\">\n<div style=\"height:85px\" aria-hidden=\"true\" class=\"wp-block-spacer\"><\/div>\n\n\n\n<h1 class=\"wp-block-heading has-text-align-center has-nv-site-bg-color has-text-color has-extra-large-font-size\" style=\"letter-spacing:6px\">Cesenatico<br>borgo di Romagna <\/h1>\n\n\n\n<div style=\"height:60px\" aria-hidden=\"true\" class=\"wp-block-spacer\"><\/div>\n\n\n\n<p class=\"has-text-align-center wp-block-paragraph\">Prenota ora: tel. 392 1389034 &#8211; email: info@villabruna.net<\/p>\n\n\n\n<div style=\"height:122px\" aria-hidden=\"true\" class=\"wp-block-spacer\"><\/div>\n<\/div><\/div>\n\n\n\n<div class=\"wp-block-group is-layout-constrained wp-block-group-is-layout-constrained\">\n<div style=\"height:39px\" aria-hidden=\"true\" class=\"wp-block-spacer\"><\/div>\n\n\n\n<figure class=\"wp-block-image aligncenter size-full is-resized\"><img loading=\"lazy\" decoding=\"async\" width=\"897\" height=\"138\" src=\"https:\/\/www.velieri.net\/wp-content\/uploads\/2024\/01\/SEPTRANS.gif\" alt=\"\" class=\"wp-image-689\" style=\"width:410px\"\/><\/figure>\n\n\n\n<div style=\"height:45px\" aria-hidden=\"true\" class=\"wp-block-spacer\"><\/div>\n<\/div>\n\n\n\n<h2 class=\"wp-block-heading has-large-font-size\" style=\"letter-spacing:6px\">Cesenatico, un&#8217;esperienza unica<\/h2>\n\n\n\n<p class=\"wp-block-paragraph\" style=\"line-height:1.6\">Cesenatico, una perla della Riviera Romagnola, accoglie i visitatori con il suo mix affascinante di storia marittima, atmosfera rilassata e gastronomia deliziosa. I nostri appartamenti <strong>I Velieri<\/strong>, si trovano a Zadina di Cesenatico, fronte mare e pineta, ed offrono un rifugio accogliente e comodo per coloro che desiderano esplorare questa affascinante localit\u00e0 costiera.<\/p>\n\n\n\n<p class=\"wp-block-paragraph\" style=\"line-height:1.6\">Immergetevi nell&#8217;atmosfera unica del Porto Canale, progettato da Leonardo da Vinci nel XV secolo e ancora oggi animato da pittoresche imbarcazioni da pesca. Le antiche barche, i colorati mercati del pesce e gli accoglienti ristoranti lungo il porto creano un&#8217;esperienza autentica e suggestiva.<\/p>\n\n\n\n<p class=\"wp-block-paragraph\" style=\"line-height:1.6\">I nostri ospiti possono facilmente raggiungere la spiaggia e al pineta oppure esplorare il centro storico di Cesenatico, caratterizzato da stradine lastricate, negozi pittoreschi e un&#8217;atmosfera vibrante. La Piazza delle Conserve \u00e8 il cuore della citt\u00e0, circondata da caff\u00e8, ristoranti e boutique, perfetta per una passeggiata rilassante o una serata romantica.<\/p>\n\n\n\n<p class=\"wp-block-paragraph\">Cesenatico offre anche una variet\u00e0 di attivit\u00e0 all&#8217;aria aperta, dalle spiagge sabbiose alla vivace passeggiata lungo il mare, ideale per chi cerca il relax o ama praticare sport acquatici.<\/p>\n\n\n\n<p class=\"wp-block-paragraph\" style=\"line-height:1.6\">I nostri appartamenti si trova in zona tranquilla da cui \u00e8 possibile vistare il mare di Cesenatico, oppure il centro storico raggiungibile in pochi minuti di auto. Garantendo un soggiorno confortevole e accogliente. Siamo dedicati a offrire un&#8217;ospitalit\u00e0 calorosa e consigli utili per rendere il vostro soggiorno indimenticabile.<br><br>Benvenuti a Cesenatico, dove il fascino storico e la bellezza marittima si fondono in un&#8217;esperienza unica sulla Riviera Adriatica.<\/p>\n\n\n\n<div style=\"height:60px\" aria-hidden=\"true\" class=\"wp-block-spacer\"><\/div>\n\n\n\n<figure class=\"wp-block-image aligncenter size-full is-resized\"><img loading=\"lazy\" decoding=\"async\" width=\"642\" height=\"734\" src=\"https:\/\/www.velieri.net\/wp-content\/uploads\/2024\/01\/Logo.png\" alt=\"\" class=\"wp-image-661\" style=\"width:120px\" srcset=\"https:\/\/www.velieri.net\/wp-content\/uploads\/2024\/01\/Logo.png 642w, https:\/\/www.velieri.net\/wp-content\/uploads\/2024\/01\/Logo-262x300.png 262w\" sizes=\"auto, (max-width: 642px) 100vw, 642px\" \/><\/figure>\n\n\n\n<div style=\"height:30px\" aria-hidden=\"true\" class=\"wp-block-spacer\"><\/div>\n","protected":false},"excerpt":{"rendered":"<p>Cesenatico, un&#8217;esperienza unica Cesenatico, una perla della Riviera Romagnola, accoglie i visitatori con il suo mix affascinante di storia marittima, atmosfera rilassata e gastronomia deliziosa. I nostri appartamenti I Velieri, si trovano a Zadina di Cesenatico, fronte mare e pineta, ed offrono un rifugio accogliente e comodo per coloro che desiderano esplorare questa affascinante localit\u00e0 [&hellip;]<\/p>\n","protected":false},"author":1,"featured_media":0,"parent":0,"menu_order":0,"comment_status":"closed","ping_status":"closed","template":"page-templates\/menu-trasparent.php","meta":{"footnotes":""},"class_list":["post-24","page","type-page","status-publish","hentry"],"_links":{"self":[{"href":"https:\/\/www.velieri.net\/index.php?rest_route=\/wp\/v2\/pages\/24","targetHints":{"allow":["GET"]}}],"collection":[{"href":"https:\/\/www.velieri.net\/index.php?rest_route=\/wp\/v2\/pages"}],"about":[{"href":"https:\/\/www.velieri.net\/index.php?rest_route=\/wp\/v2\/types\/page"}],"author":[{"embeddable":true,"href":"https:\/\/www.velieri.net\/index.php?rest_route=\/wp\/v2\/users\/1"}],"replies":[{"embeddable":true,"href":"https:\/\/www.velieri.net\/index.php?rest_route=%2Fwp%2Fv2%2Fcomments&post=24"}],"version-history":[{"count":18,"href":"https:\/\/www.velieri.net\/index.php?rest_route=\/wp\/v2\/pages\/24\/revisions"}],"predecessor-version":[{"id":836,"href":"https:\/\/www.velieri.net\/index.php?rest_route=\/wp\/v2\/pages\/24\/revisions\/836"}],"wp:attachment":[{"href":"https:\/\/www.velieri.net\/index.php?rest_route=%2Fwp%2Fv2%2Fmedia&parent=24"}],"curies":[{"name":"wp","href":"https:\/\/api.w.org\/{rel}","templated":true}]}}

<p class="wp-block-paragraph"></p>



<div class="wp-block-cover alignfull" style="min-height:700px;aspect-ratio:unset;"><span aria-hidden="true" class="wp-block-cover__background has-background-dim-30 has-background-dim"></span><img decoding="async" class="wp-block-cover__image-background wp-image-276" alt="" src="https://www.villabruna.net/wp-content/uploads/2023/12/01-2.jpg" data-object-fit="cover"/><div class="wp-block-cover__inner-container is-layout-flow wp-block-cover-is-layout-flow">
<div style="height:85px" aria-hidden="true" class="wp-block-spacer"></div>



<h1 class="wp-block-heading has-text-align-center has-nv-site-bg-color has-text-color has-extra-large-font-size" style="letter-spacing:6px">Cesenatico<br>borgo di Romagna </h1>



<div style="height:60px" aria-hidden="true" class="wp-block-spacer"></div>



<p class="has-text-align-center wp-block-paragraph">Prenota ora: tel. 392 1389034 &#8211; email: info@villabruna.net</p>



<div style="height:122px" aria-hidden="true" class="wp-block-spacer"></div>
</div></div>



<div class="wp-block-group is-layout-constrained wp-block-group-is-layout-constrained">
<div style="height:39px" aria-hidden="true" class="wp-block-spacer"></div>



<figure class="wp-block-image aligncenter size-full is-resized"><img loading="lazy" decoding="async" width="897" height="138" src="https://www.velieri.net/wp-content/uploads/2024/01/SEPTRANS.gif" alt="" class="wp-image-689" style="width:410px"/></figure>



<div style="height:45px" aria-hidden="true" class="wp-block-spacer"></div>
</div>



<h2 class="wp-block-heading has-large-font-size" style="letter-spacing:6px">Cesenatico, un&#8217;esperienza unica</h2>



<p class="wp-block-paragraph" style="line-height:1.6">Cesenatico, una perla della Riviera Romagnola, accoglie i visitatori con il suo mix affascinante di storia marittima, atmosfera rilassata e gastronomia deliziosa. I nostri appartamenti <strong>I Velieri</strong>, si trovano a Zadina di Cesenatico, fronte mare e pineta, ed offrono un rifugio accogliente e comodo per coloro che desiderano esplorare questa affascinante località costiera.</p>



<p class="wp-block-paragraph" style="line-height:1.6">Immergetevi nell&#8217;atmosfera unica del Porto Canale, progettato da Leonardo da Vinci nel XV secolo e ancora oggi animato da pittoresche imbarcazioni da pesca. Le antiche barche, i colorati mercati del pesce e gli accoglienti ristoranti lungo il porto creano un&#8217;esperienza autentica e suggestiva.</p>



<p class="wp-block-paragraph" style="line-height:1.6">I nostri ospiti possono facilmente raggiungere la spiaggia e al pineta oppure esplorare il centro storico di Cesenatico, caratterizzato da stradine lastricate, negozi pittoreschi e un&#8217;atmosfera vibrante. La Piazza delle Conserve è il cuore della città, circondata da caffè, ristoranti e boutique, perfetta per una passeggiata rilassante o una serata romantica.</p>



<p class="wp-block-paragraph">Cesenatico offre anche una varietà di attività all&#8217;aria aperta, dalle spiagge sabbiose alla vivace passeggiata lungo il mare, ideale per chi cerca il relax o ama praticare sport acquatici.</p>



<p class="wp-block-paragraph" style="line-height:1.6">I nostri appartamenti si trova in zona tranquilla da cui è possibile vistare il mare di Cesenatico, oppure il centro storico raggiungibile in pochi minuti di auto. Garantendo un soggiorno confortevole e accogliente. Siamo dedicati a offrire un&#8217;ospitalità calorosa e consigli utili per rendere il vostro soggiorno indimenticabile.<br><br>Benvenuti a Cesenatico, dove il fascino storico e la bellezza marittima si fondono in un&#8217;esperienza unica sulla Riviera Adriatica.</p>



<div style="height:60px" aria-hidden="true" class="wp-block-spacer"></div>



<figure class="wp-block-image aligncenter size-full is-resized"><img loading="lazy" decoding="async" width="642" height="734" src="https://www.velieri.net/wp-content/uploads/2024/01/Logo.png" alt="" class="wp-image-661" style="width:120px" srcset="https://www.velieri.net/wp-content/uploads/2024/01/Logo.png 642w, https://www.velieri.net/wp-content/uploads/2024/01/Logo-262x300.png 262w" sizes="auto, (max-width: 642px) 100vw, 642px" /></figure>



<div style="height:30px" aria-hidden="true" class="wp-block-spacer"></div>

<p>Cesenatico, un&#8217;esperienza unica Cesenatico, una perla della Riviera Romagnola, accoglie i visitatori con il suo mix affascinante di storia marittima, atmosfera rilassata e gastronomia deliziosa. I nostri appartamenti I Velieri, si trovano a Zadina di Cesenatico, fronte mare e pineta, ed offrono un rifugio accogliente e comodo per coloro che desiderano esplorare questa affascinante località [&hellip;]</p>
